[INFO] cloning repository https://github.com/abrassel/aoc-2021
[INFO] running `Command { std: "git" "-c" "credential.helper=" "-c" "credential.helper=/workspace/cargo-home/bin/git-credential-null" "clone" "--bare" "https://github.com/abrassel/aoc-2021" "/workspace/cache/git-repos/https%3A%2F%2Fgithub.com%2Fabrassel%2Faoc-2021", kill_on_drop: false }`
[INFO] [stderr] Cloning into bare repository '/workspace/cache/git-repos/https%3A%2F%2Fgithub.com%2Fabrassel%2Faoc-2021'...
[INFO] running `Command { std: "git" "rev-parse" "HEAD", kill_on_drop: false }`
[INFO] [stdout] 33d802a3395dfaa729d57be26750e1e8b661439e
[INFO] checking abrassel/aoc-2021 against master#e6e4f7ed1589e03bc2f6c5931c1a72e7947e8682 for beta-170-4
[INFO] running `Command { std: "git" "clone" "/workspace/cache/git-repos/https%3A%2F%2Fgithub.com%2Fabrassel%2Faoc-2021" "/workspace/builds/worker-2-tc2/source", kill_on_drop: false }`
[INFO] [stderr] Cloning into '/workspace/builds/worker-2-tc2/source'...
[INFO] [stderr] done.
[INFO] validating manifest of git repo https://github.com/abrassel/aoc-2021 on toolchain e6e4f7ed1589e03bc2f6c5931c1a72e7947e8682
[INFO] running `Command { std: CARGO_HOME="/workspace/cargo-home" RUSTUP_HOME="/workspace/rustup-home" "/workspace/cargo-home/bin/cargo" "+e6e4f7ed1589e03bc2f6c5931c1a72e7947e8682" "metadata" "--manifest-path" "Cargo.toml" "--no-deps", kill_on_drop: false }`
[INFO] removed /workspace/builds/worker-2-tc2/source/rust-toolchain
[INFO] started tweaking git repo https://github.com/abrassel/aoc-2021
[INFO] finished tweaking git repo https://github.com/abrassel/aoc-2021
[INFO] tweaked toml for git repo https://github.com/abrassel/aoc-2021 written to /workspace/builds/worker-2-tc2/source/Cargo.toml
[INFO] crate git repo https://github.com/abrassel/aoc-2021 already has a lockfile, it will not be regenerated
[INFO] running `Command { std: CARGO_HOME="/workspace/cargo-home" RUSTUP_HOME="/workspace/rustup-home" "/workspace/cargo-home/bin/cargo" "+e6e4f7ed1589e03bc2f6c5931c1a72e7947e8682" "fetch" "--manifest-path" "Cargo.toml", kill_on_drop: false }`
[INFO] running `Command { std: "docker" "create" "-v" "/var/lib/crater-agent-workspace/builds/worker-2-tc2/target:/opt/rustwide/target:rw,Z" "-v" "/var/lib/crater-agent-workspace/builds/worker-2-tc2/source:/opt/rustwide/workdir:ro,Z" "-v" "/var/lib/crater-agent-workspace/cargo-home:/opt/rustwide/cargo-home:ro,Z" "-v" "/var/lib/crater-agent-workspace/rustup-home:/opt/rustwide/rustup-home:ro,Z" "-e" "SOURCE_DIR=/opt/rustwide/workdir" "-e" "CARGO_TARGET_DIR=/opt/rustwide/target" "-e" "CARGO_HOME=/opt/rustwide/cargo-home" "-e" "RUSTUP_HOME=/opt/rustwide/rustup-home" "-w" "/opt/rustwide/workdir" "-m" "1610612736" "--user" "0:0" "--network" "none" "ghcr.io/rust-lang/crates-build-env/linux@sha256:19e73879b68f455e41552ea35293514db52ea292d993f571636dbffedb77a1ee" "/opt/rustwide/cargo-home/bin/cargo" "+e6e4f7ed1589e03bc2f6c5931c1a72e7947e8682" "metadata" "--no-deps" "--format-version=1", kill_on_drop: false }`
[INFO] [stdout] d65f0dd47ff51f7f74d7e4eddbd0dd8e5a7af51738748106a20ac4a0f3cd25d6
[INFO] running `Command { std: "docker" "start" "-a" "d65f0dd47ff51f7f74d7e4eddbd0dd8e5a7af51738748106a20ac4a0f3cd25d6", kill_on_drop: false }`
[INFO] running `Command { std: "docker" "inspect" "d65f0dd47ff51f7f74d7e4eddbd0dd8e5a7af51738748106a20ac4a0f3cd25d6", kill_on_drop: false }`
[INFO] running `Command { std: "docker" "rm" "-f" "d65f0dd47ff51f7f74d7e4eddbd0dd8e5a7af51738748106a20ac4a0f3cd25d6", kill_on_drop: false }`
[INFO] [stdout] d65f0dd47ff51f7f74d7e4eddbd0dd8e5a7af51738748106a20ac4a0f3cd25d6
[INFO] running `Command { std: "docker" "create" "-v" "/var/lib/crater-agent-workspace/builds/worker-2-tc2/target:/opt/rustwide/target:rw,Z" "-v" "/var/lib/crater-agent-workspace/builds/worker-2-tc2/source:/opt/rustwide/workdir:ro,Z" "-v" "/var/lib/crater-agent-workspace/cargo-home:/opt/rustwide/cargo-home:ro,Z" "-v" "/var/lib/crater-agent-workspace/rustup-home:/opt/rustwide/rustup-home:ro,Z" "-e" "SOURCE_DIR=/opt/rustwide/workdir" "-e" "CARGO_TARGET_DIR=/opt/rustwide/target" "-e" "CARGO_INCREMENTAL=0" "-e" "RUST_BACKTRACE=full" "-e" "RUSTFLAGS=--cap-lints=forbid" "-e" "RUSTDOCFLAGS=--cap-lints=forbid" "-e" "CARGO_HOME=/opt/rustwide/cargo-home" "-e" "RUSTUP_HOME=/opt/rustwide/rustup-home" "-w" "/opt/rustwide/workdir" "-m" "1610612736" "--user" "0:0" "--network" "none" "ghcr.io/rust-lang/crates-build-env/linux@sha256:19e73879b68f455e41552ea35293514db52ea292d993f571636dbffedb77a1ee" "/opt/rustwide/cargo-home/bin/cargo" "+e6e4f7ed1589e03bc2f6c5931c1a72e7947e8682" "check" "--frozen" "--all" "--all-targets" "--message-format=json", kill_on_drop: false }`
[INFO] [stdout] efa6542d487f92b1c6ea76a95698f81e0b8c44a1e092997f2e23d31feb19d572
[INFO] running `Command { std: "docker" "start" "-a" "efa6542d487f92b1c6ea76a95698f81e0b8c44a1e092997f2e23d31feb19d572", kill_on_drop: false }`
[INFO] [stderr]    Compiling num-traits v0.2.15
[INFO] [stderr]    Compiling proc-macro2 v1.0.40
[INFO] [stderr]    Compiling unicode-ident v1.0.1
[INFO] [stderr]    Compiling quote v1.0.20
[INFO] [stderr]    Compiling syn v1.0.98
[INFO] [stderr]    Compiling num-integer v0.1.45
[INFO] [stderr]    Compiling typenum v1.15.0
[INFO] [stderr]    Compiling num-bigint v0.4.3
[INFO] [stderr]    Compiling num-rational v0.4.1
[INFO] [stderr]    Compiling libc v0.2.126
[INFO] [stderr]     Checking bytemuck v1.9.1
[INFO] [stderr]    Compiling serde_derive v1.0.138
[INFO] [stderr]    Compiling paste v1.0.7
[INFO] [stderr]     Checking either v1.7.0
[INFO] [stderr]     Checking rawpointer v0.2.1
[INFO] [stderr]    Compiling serde v1.0.138
[INFO] [stderr]     Checking matrixmultiply v0.3.2
[INFO] [stderr]     Checking util v0.1.0 (/opt/rustwide/workdir/util)
[INFO] [stderr]     Checking itertools v0.10.3
[INFO] [stderr]    Compiling indexmap v1.9.1
[INFO] [stderr]     Checking safe_arch v0.6.0
[INFO] [stderr]     Checking hashbrown v0.12.1
[INFO] [stderr]    Compiling num-iter v0.1.43
[INFO] [stderr]     Checking ppv-lite86 v0.2.16
[INFO] [stderr]    Compiling version_check v0.9.4
[INFO] [stderr]     Checking static_assertions v1.1.0
[INFO] [stderr]     Checking fxhash v0.2.1
[INFO] [stderr]     Checking day2 v0.1.0 (/opt/rustwide/workdir/day2)
[INFO] [stderr]     Checking day3 v0.1.0 (/opt/rustwide/workdir/day3)
[INFO] [stderr]     Checking day7 v0.1.0 (/opt/rustwide/workdir/day7)
[INFO] [stderr]     Checking day16 v0.1.0 (/opt/rustwide/workdir/day16)
[INFO] [stderr]     Checking day10 v0.1.0 (/opt/rustwide/workdir/day10)
[INFO] [stderr]     Checking wide v0.7.4
[INFO] [stderr]    Compiling im v15.1.0
[INFO] [stderr]     Checking getrandom v0.2.7
[INFO] [stderr]     Checking num-complex v0.4.2
[INFO] [stderr]     Checking approx v0.5.1
[INFO] [stderr]     Checking rand_core v0.6.3
[INFO] [stderr]     Checking keyed_priority_queue v0.4.1
[INFO] [stderr]     Checking day9 v0.1.0 (/opt/rustwide/workdir/day9)
[INFO] [stdout] warning: the feature `mixed_integer_ops` has been stable since 1.66.0 and no longer requires an attribute to enable
[INFO] [stdout]  --> day9/src/main.rs:1:12
[INFO] [stdout]   |
[INFO] [stdout] 1 | #![feature(mixed_integer_ops)]
[INFO] [stdout]   |            ^^^^^^^^^^^^^^^^^
[INFO] [stdout]   |
[INFO] [stdout]   = note: `#[warn(stable_features)]` on by default
[INFO] [stdout] 
[INFO] [stdout] 
[INFO] [stdout] warning: the feature `mixed_integer_ops` has been stable since 1.66.0 and no longer requires an attribute to enable
[INFO] [stdout]  --> day9/src/main.rs:1:12
[INFO] [stdout]   |
[INFO] [stdout] 1 | #![feature(mixed_integer_ops)]
[INFO] [stdout]   |            ^^^^^^^^^^^^^^^^^
[INFO] [stdout]   |
[INFO] [stdout]   = note: `#[warn(stable_features)]` on by default
[INFO] [stdout] 
[INFO] [stdout] 
[INFO] [stderr]     Checking rand_chacha v0.3.1
[INFO] [stderr]     Checking rand_xoshiro v0.6.0
[INFO] [stdout] warning: 1 warning emitted
[INFO] [stdout] 
[INFO] [stdout] 
[INFO] [stdout] warning: 1 warning emitted
[INFO] [stdout] 
[INFO] [stdout] 
[INFO] [stderr]     Checking bitmaps v2.1.0
[INFO] [stderr]     Checking rand v0.8.5
[INFO] [stderr]     Checking day1 v0.1.0 (/opt/rustwide/workdir/day1)
[INFO] [stderr]     Checking day8 v0.1.0 (/opt/rustwide/workdir/day8)
[INFO] [stderr]     Checking day14 v0.1.0 (/opt/rustwide/workdir/day14)
[INFO] [stderr]     Checking day18 v0.1.0 (/opt/rustwide/workdir/day18)
[INFO] [stderr]     Checking simba v0.6.0
[INFO] [stderr]     Checking simba v0.7.1
[INFO] [stderr]     Checking sized-chunks v0.6.5
[INFO] [stderr]     Checking twox-hash v1.6.3
[INFO] [stderr]     Checking day15 v0.1.0 (/opt/rustwide/workdir/day15)
[INFO] [stdout] warning: the feature `mixed_integer_ops` has been stable since 1.66.0 and no longer requires an attribute to enable
[INFO] [stdout]  --> day15/src/main.rs:2:12
[INFO] [stdout]   |
[INFO] [stdout] 2 | #![feature(mixed_integer_ops)]
[INFO] [stdout]   |            ^^^^^^^^^^^^^^^^^
[INFO] [stdout]   |
[INFO] [stdout]   = note: `#[warn(stable_features)]` on by default
[INFO] [stdout] 
[INFO] [stdout] 
[INFO] [stdout] warning: the feature `mixed_integer_ops` has been stable since 1.66.0 and no longer requires an attribute to enable
[INFO] [stdout]  --> day15/src/main.rs:2:12
[INFO] [stdout]   |
[INFO] [stdout] 2 | #![feature(mixed_integer_ops)]
[INFO] [stdout]   |            ^^^^^^^^^^^^^^^^^
[INFO] [stdout]   |
[INFO] [stdout]   = note: `#[warn(stable_features)]` on by default
[INFO] [stdout] 
[INFO] [stdout] 
[INFO] [stdout] warning: 1 warning emitted
[INFO] [stdout] 
[INFO] [stdout] 
[INFO] [stdout] warning: 1 warning emitted
[INFO] [stdout] 
[INFO] [stdout] 
[INFO] [stderr]     Checking num v0.4.0
[INFO] [stderr]     Checking day12 v0.1.0 (/opt/rustwide/workdir/day12)
[INFO] [stderr]    Compiling nalgebra-macros v0.1.0
[INFO] [stderr]     Checking nalgebra v0.29.0
[INFO] [stderr]     Checking nalgebra v0.31.0
[INFO] [stderr]     Checking serde_scan v0.4.1
[INFO] [stderr]     Checking day17 v0.1.0 (/opt/rustwide/workdir/day17)
[INFO] [stderr]     Checking day13 v0.1.0 (/opt/rustwide/workdir/day13)
[INFO] [stderr]     Checking day5 v0.1.0 (/opt/rustwide/workdir/day5)
[INFO] [stderr]     Checking day19 v0.1.0 (/opt/rustwide/workdir/day19)
[INFO] [stdout] error: expected expression, found `}`
[INFO] [stdout]   --> day19/src/rotate.rs:34:5
[INFO] [stdout]    |
[INFO] [stdout] 34 |     }
[INFO] [stdout]    |     ^ expected expression
[INFO] [stdout] 
[INFO] [stdout] 
[INFO] [stdout] error: expected expression, found `}`
[INFO] [stdout]   --> day19/src/rotate.rs:34:5
[INFO] [stdout]    |
[INFO] [stdout] 34 |     }
[INFO] [stdout]    |     ^ expected expression
[INFO] [stdout] 
[INFO] [stdout] 
[INFO] [stdout] warning: unused imports: `convert::Infallible`, `str::FromStr`
[INFO] [stdout]  --> day19/src/point_region.rs:1:33
[INFO] [stdout]   |
[INFO] [stdout] 1 | use std::{collections::HashSet, convert::Infallible, str::FromStr};
[INFO] [stdout]   |                                 ^^^^^^^^^^^^^^^^^^^  ^^^^^^^^^^^^
[INFO] [stdout]   |
[INFO] [stdout]   = note: `#[warn(unused_imports)]` on by default
[INFO] [stdout] 
[INFO] [stdout] 
[INFO] [stdout] warning: unused imports: `convert::Infallible`, `str::FromStr`
[INFO] [stdout]  --> day19/src/point_region.rs:1:33
[INFO] [stdout]   |
[INFO] [stdout] 1 | use std::{collections::HashSet, convert::Infallible, str::FromStr};
[INFO] [stdout]   |                                 ^^^^^^^^^^^^^^^^^^^  ^^^^^^^^^^^^
[INFO] [stdout]   |
[INFO] [stdout]   = note: `#[warn(unused_imports)]` on by default
[INFO] [stdout] 
[INFO] [stdout] 
[INFO] [stdout] error[E0308]: mismatched types
[INFO] [stdout]   --> day19/src/point_region.rs:22:59
[INFO] [stdout]    |
[INFO] [stdout] 22 |     pub fn find_other_orientation(&self, other: &Self) -> Option<Self> {}
[INFO] [stdout]    |            ----------------------                         ^^^^^^^^^^^^ expected `Option<PointRegion>`, found `()`
[INFO] [stdout]    |            |
[INFO] [stdout]    |            implicitly returns `()` as its body has no tail or `return` expression
[INFO] [stdout]    |
[INFO] [stdout]    = note:   expected enum `Option<PointRegion>`
[INFO] [stdout]            found unit type `()`
[INFO] [stdout] 
[INFO] [stdout] 
[INFO] [stdout] error[E0308]: mismatched types
[INFO] [stdout]   --> day19/src/point_region.rs:22:59
[INFO] [stdout]    |
[INFO] [stdout] 22 |     pub fn find_other_orientation(&self, other: &Self) -> Option<Self> {}
[INFO] [stdout]    |            ----------------------                         ^^^^^^^^^^^^ expected `Option<PointRegion>`, found `()`
[INFO] [stdout]    |            |
[INFO] [stdout]    |            implicitly returns `()` as its body has no tail or `return` expression
[INFO] [stdout]    |
[INFO] [stdout]    = note:   expected enum `Option<PointRegion>`
[INFO] [stdout]            found unit type `()`
[INFO] [stdout] 
[INFO] [stdout] 
[INFO] [stdout] error[E0277]: the trait bound `OPoint<i64, Const<3>>: FromStr` is not satisfied
[INFO] [stdout]   --> day19/src/main.rs:27:49
[INFO] [stdout]    |
[INFO] [stdout] 27 |             cur_point_region.points.insert(line.parse().unwrap());
[INFO] [stdout]    |                                                 ^^^^^ the trait `FromStr` is not implemented for `OPoint<i64, Const<3>>`
[INFO] [stdout]    |
[INFO] [stdout]    = help: the following other types implement trait `FromStr`:
[INFO] [stdout]              Complex<T>
[INFO] [stdout]              IpAddr
[INFO] [stdout]              Ipv4Addr
[INFO] [stdout]              Ipv6Addr
[INFO] [stdout]              NonZeroI128
[INFO] [stdout]              NonZeroI16
[INFO] [stdout]              NonZeroI32
[INFO] [stdout]              NonZeroI64
[INFO] [stdout]            and 33 others
[INFO] [stdout] note: required by a bound in `core::str::<impl str>::parse`
[INFO] [stdout]   --> /rustc/e6e4f7ed1589e03bc2f6c5931c1a72e7947e8682/library/core/src/str/mod.rs:2345:5
[INFO] [stdout] 
[INFO] [stdout] 
[INFO] [stdout] error[E0277]: the trait bound `OPoint<i64, Const<3>>: FromStr` is not satisfied
[INFO] [stdout]   --> day19/src/main.rs:27:49
[INFO] [stdout]    |
[INFO] [stdout] 27 |             cur_point_region.points.insert(line.parse().unwrap());
[INFO] [stdout]    |                                                 ^^^^^ the trait `FromStr` is not implemented for `OPoint<i64, Const<3>>`
[INFO] [stdout]    |
[INFO] [stdout]    = help: the following other types implement trait `FromStr`:
[INFO] [stdout]              Complex<T>
[INFO] [stdout]              IpAddr
[INFO] [stdout]              Ipv4Addr
[INFO] [stdout]              Ipv6Addr
[INFO] [stdout]              NonZeroI128
[INFO] [stdout]              NonZeroI16
[INFO] [stdout]              NonZeroI32
[INFO] [stdout]              NonZeroI64
[INFO] [stdout]            and 33 others
[INFO] [stdout] note: required by a bound in `core::str::<impl str>::parse`
[INFO] [stdout]   --> /rustc/e6e4f7ed1589e03bc2f6c5931c1a72e7947e8682/library/core/src/str/mod.rs:2345:5
[INFO] [stdout] 
[INFO] [stdout] 
[INFO] [stdout] error: aborting due to 3 previous errors; 1 warning emitted
[INFO] [stdout] 
[INFO] [stdout] 
[INFO] [stdout] error: aborting due to 3 previous errors; 1 warning emitted
[INFO] [stdout] 
[INFO] [stdout] 
[INFO] [stdout] Some errors have detailed explanations: E0277, E0308.
[INFO] [stdout] 
[INFO] [stdout] Some errors have detailed explanations: E0277, E0308.
[INFO] [stdout] 
[INFO] [stdout] For more information about an error, try `rustc --explain E0277`.
[INFO] [stdout] 
[INFO] [stdout] For more information about an error, try `rustc --explain E0277`.
[INFO] [stdout] 
[INFO] [stderr] error: could not compile `day19` (bin "day19") due to 4 previous errors; 1 warning emitted
[INFO] [stderr] warning: build failed, waiting for other jobs to finish...
[INFO] [stderr] error: could not compile `day19` (bin "day19" test) due to 4 previous errors; 1 warning emitted
[INFO] running `Command { std: "docker" "inspect" "efa6542d487f92b1c6ea76a95698f81e0b8c44a1e092997f2e23d31feb19d572", kill_on_drop: false }`
[INFO] running `Command { std: "docker" "rm" "-f" "efa6542d487f92b1c6ea76a95698f81e0b8c44a1e092997f2e23d31feb19d572", kill_on_drop: false }`
[INFO] [stdout] efa6542d487f92b1c6ea76a95698f81e0b8c44a1e092997f2e23d31feb19d572
